{"id":508,"date":"2022-02-27T21:45:23","date_gmt":"2022-02-27T20:45:23","guid":{"rendered":"https:\/\/www.miel-store.com\/?post_type=product&#038;p=508"},"modified":"2026-01-06T20:16:57","modified_gmt":"2026-01-06T19:16:57","slug":"olio-di-daloe-vera-biologico-dal-marocco","status":"publish","type":"product","link":"https:\/\/www.miel-store.com\/it\/p\/huile-daloe-vera-bio-du-maroc","title":{"rendered":"Olio di Aloe Vera biologico dal Marocco"},"content":{"rendered":"<p>Volete cambiare radicalmente la vostra routine di bellezza? Miel Store vi offre la possibilit\u00e0 di prendervela comoda con il suo\u00a0<strong>olio di aloe vera biologico dal Marocco<\/strong>. Certamente delicata come un'estate sulla spiaggia di Agadir... Va detto che questa\u00a0<strong>cosmetici naturali<\/strong>\u00a0\u00e8 un sicuro alleato per i capelli in pericolo, ma anche per la pelle.<\/p>\n<p>Per saperne di pi\u00f9\u00a0<strong>impianto<\/strong>\u00a0davvero come nessun altro...<\/p>\n<h2><strong>Olio di aloe vera: fresco e bello\u00a0<\/strong><\/h2>\n<p>Questo\u00a0<strong>olio marocchino biologico<\/strong>\u00a0\u00e8 un vero e proprio concentrato di virt\u00f9. Presentato in un flacone da 100 ml, questo\u00a0<strong>elisir<\/strong>\u00a0da\u00a0<strong>qualit\u00e0 alimentare e cosmetica\u00a0<\/strong>che aspettano solo di servirvi!<\/p>\n<p><strong>100% puro e naturale<\/strong>, Il nostro olio proviene da una pianta utilizzata fin dall'antichit\u00e0 per le sue numerose propriet\u00e0. Sia in cosmetologia che in fitoterapia.<\/p>\n<p>Questa polpa spessa e trasparente \u00e8 un<strong>\u00a0macerato oleoso<\/strong>, ottenuto dalla macerazione del gel di aloe vera in olio di girasole di qualit\u00e0.<\/p>\n<p>Non esitate oltre e scoprite la\u00a0<strong>impianto di benessere\u00a0<\/strong>per eccellenza!<\/p>\n<h2><strong>Scoprite i numerosi benefici dell'olio di aloe vera biologico\u00a0<\/strong><\/h2>\n<p>Questo<strong>\u00a0olio biologico dal Marocco<\/strong>\u00a0ha una serie di propriet\u00e0 utili nella vita quotidiana:<\/p>\n<ul>\n<li>Questa pianta \u00e8 rinomata per le sue propriet\u00e0 nutrienti e ammorbidenti per la pelle; ;<\/li>\n<li>Aiuta inoltre a proteggere dai raggi UV; ;<\/li>\n<li>Lenisce la pelle dopo una scottatura solare, ma anche contro le bruciature da rasoio; ;<\/li>\n<li>Le sue propriet\u00e0 seboregolatrici aiutano a trattare la forfora e a prevenire i capelli grassi; ;<\/li>\n<li>Propriet\u00e0 antinfiammatorie ;<\/li>\n<li>Proprio come\u00a0<a href=\"https:\/\/www.miel-store.com\/it\/p\/olio-di-fico-dindia-biologico-dalla-tunisia\/\"><strong>olio di semi di fico d'India<\/strong><\/a>, \u00c8 un agente anti-invecchiamento naturale; ;<\/li>\n<li>Dona morbidezza, lucentezza e vitalit\u00e0 ai capelli spenti e secchi; ;<\/li>\n<li>\u00c8 efficace anche contro l'acne, la psoriasi, l'eczema e il prurito, come\u00a0<a href=\"https:\/\/www.miel-store.com\/it\/p\/olio-di-cumino-nero-habachia-100ml\/\"><strong>olio di cumino nero<\/strong><\/a>\u00a0;<\/li>\n<li>\u00c8 facile lisciare e acconciare i capelli, ma aiuta anche a ridefinire i ricci e le onde.<\/li>\n<\/ul>\n<h2><strong>La pianta per capelli sfibrati e pelle secca: consigli per l'uso\u00a0<\/strong><\/h2>\n<p><strong>Per capelli luminosi\u00a0<\/strong><\/p>\n<p>Questo cosmetico per capelli pu\u00f2 essere utilizzato in\u00a0<strong>maschera per capelli ultra-nutriente e stimolante per la crescita<\/strong>. Ecco alcuni suggerimenti:<\/p>\n<ol>\n<li>Mescolate il vostro\u00a0<strong>elisir<\/strong>\u00a0con qualche goccia di\u00a0<strong>ricino ;<\/strong><\/li>\n<li>Applicare la maschera alle radici, quindi alle lunghezze e alle punte. Massaggiare con la punta delle dita per favorire la microcircolazione; ;<\/li>\n<li>Per un risultato soddisfacente, lasciare agire per almeno 3 ore o al massimo per tutta la notte; ;<\/li>\n<li>Risciacquare e poi lavare i capelli con il\u00a0<strong>shampoo solido al cumino nero.\u00a0<\/strong><\/li>\n<\/ol>\n<p>Suggerimento: per utilizzare l'Aloe delle Barbados come fissativo per i capelli, preferire il nostro\u00a0<strong>gel di aloe vera<\/strong>\u00a0! Un vasetto da 100 g pieno di amore e bont\u00e0.<\/p>\n<p><strong>La pelle secca e matura vi ringrazier\u00e0!\u00a0<\/strong><\/p>\n<p>In combinazione con\u00a0<strong>argan<\/strong>, il risultato \u00e8 un formidabile siero anti-et\u00e0! Ma non \u00e8 tutto! Infatti, a seconda delle vostre esigenze, potete miscelarlo con una serie di\u00a0<strong>oli vegetali.\u00a0<\/strong><\/p>\n<h3><strong>Precauzioni e conservazione\u00a0<\/strong><\/h3>\n<p>Come regola generale, \u00e8 necessario usare molta cautela nel consumare l'aloe vera. Per questo motivo \u00e8 bene parlarne prima con il proprio medico.<\/p>\n<p>Inoltre, il gel e il lattice sono controindicati per le donne in gravidanza e in allattamento, i bambini e le persone fragili.<\/p>\n<p>Si consiglia di tenere la bottiglia al riparo dal sole e dal calore, poich\u00e9 questo liquido \u00e8 molto sensibile all'ossidazione. Per un effetto ancora pi\u00f9 rinfrescante, conservatelo in frigorifero!<\/p>","protected":false},"excerpt":{"rendered":"<p><span data-sheets-value=\"{&quot;1&quot;:2,&quot;2&quot;:&quot;Huile d'Aloe Vera Bio du Maroc&quot;}\" data-sheets-userformat=\"{&quot;2&quot;:14915,&quot;3&quot;:{&quot;1&quot;:0},&quot;4&quot;:{&quot;1&quot;:2,&quot;2&quot;:2105636},&quot;9&quot;:0,&quot;12&quot;:0,&quot;14&quot;:{&quot;1&quot;:2,&quot;2&quot;:15264493},&quot;15&quot;:&quot;Arial&quot;,&quot;16&quot;:8}\">Olio di Aloe Vera biologico dal Marocco<\/span>.<\/p>\n<p>Qualit\u00e0 cosmetica e alimentare. 100% Puro e naturale.<\/p>\n<p>Flacone da 60 ml.<\/p>","protected":false},"featured_media":3351,"template":"","meta":[],"product_brand":[],"product_cat":[89,88,106],"product_tag":[],"class_list":{"0":"post-508","1":"product","2":"type-product","3":"status-publish","4":"has-post-thumbnail","6":"product_cat-cosmetiques","7":"product_cat-bien-etre","8":"product_cat-huiles-vegetales","10":"first","11":"instock","12":"shipping-taxable","13":"purchasable","14":"product-type-simple"},"_links":{"self":[{"href":"https:\/\/www.miel-store.com\/it\/wp-json\/wp\/v2\/product\/508","targetHints":{"allow":["GET"]}}],"collection":[{"href":"https:\/\/www.miel-store.com\/it\/wp-json\/wp\/v2\/product"}],"about":[{"href":"https:\/\/www.miel-store.com\/it\/wp-json\/wp\/v2\/types\/product"}],"wp:featuredmedia":[{"embeddable":true,"href":"https:\/\/www.miel-store.com\/it\/wp-json\/wp\/v2\/media\/3351"}],"wp:attachment":[{"href":"https:\/\/www.miel-store.com\/it\/wp-json\/wp\/v2\/media?parent=508"}],"wp:term":[{"taxonomy":"product_brand","embeddable":true,"href":"https:\/\/www.miel-store.com\/it\/wp-json\/wp\/v2\/product_brand?post=508"},{"taxonomy":"product_cat","embeddable":true,"href":"https:\/\/www.miel-store.com\/it\/wp-json\/wp\/v2\/product_cat?post=508"},{"taxonomy":"product_tag","embeddable":true,"href":"https:\/\/www.miel-store.com\/it\/wp-json\/wp\/v2\/product_tag?post=508"}],"curies":[{"name":"wp","href":"https:\/\/api.w.org\/{rel}","templated":true}]}}

<p>Volete cambiare radicalmente la vostra routine di bellezza? Miel Store vi offre la possibilità di prendervela comoda con il suo <strong>olio di aloe vera biologico dal Marocco</strong>. Certamente delicata come un'estate sulla spiaggia di Agadir... Va detto che questa <strong>cosmetici naturali</strong> è un sicuro alleato per i capelli in pericolo, ma anche per la pelle.</p>
<p>Per saperne di più <strong>impianto</strong> davvero come nessun altro...</p>
<h2><strong>Olio di aloe vera: fresco e bello </strong></h2>
<p>Questo <strong>olio marocchino biologico</strong> è un vero e proprio concentrato di virtù. Presentato in un flacone da 100 ml, questo <strong>elisir</strong> da <strong>qualità alimentare e cosmetica </strong>che aspettano solo di servirvi!</p>
<p><strong>100% puro e naturale</strong>, Il nostro olio proviene da una pianta utilizzata fin dall'antichità per le sue numerose proprietà. Sia in cosmetologia che in fitoterapia.</p>
<p>Questa polpa spessa e trasparente è un<strong> macerato oleoso</strong>, ottenuto dalla macerazione del gel di aloe vera in olio di girasole di qualità.</p>
<p>Non esitate oltre e scoprite la <strong>impianto di benessere </strong>per eccellenza!</p>
<h2><strong>Scoprite i numerosi benefici dell'olio di aloe vera biologico </strong></h2>
<p>Questo<strong> olio biologico dal Marocco</strong> ha una serie di proprietà utili nella vita quotidiana:</p>
<ul>
<li>Questa pianta è rinomata per le sue proprietà nutrienti e ammorbidenti per la pelle; ;</li>
<li>Aiuta inoltre a proteggere dai raggi UV; ;</li>
<li>Lenisce la pelle dopo una scottatura solare, ma anche contro le bruciature da rasoio; ;</li>
<li>Le sue proprietà seboregolatrici aiutano a trattare la forfora e a prevenire i capelli grassi; ;</li>
<li>Proprietà antinfiammatorie ;</li>
<li>Proprio come <a href="https://www.miel-store.com/it/p/olio-di-fico-dindia-biologico-dalla-tunisia/"><strong>olio di semi di fico d'India</strong></a>, È un agente anti-invecchiamento naturale; ;</li>
<li>Dona morbidezza, lucentezza e vitalità ai capelli spenti e secchi; ;</li>
<li>È efficace anche contro l'acne, la psoriasi, l'eczema e il prurito, come <a href="https://www.miel-store.com/it/p/olio-di-cumino-nero-habachia-100ml/"><strong>olio di cumino nero</strong></a> ;</li>
<li>È facile lisciare e acconciare i capelli, ma aiuta anche a ridefinire i ricci e le onde.</li>
</ul>
<h2><strong>La pianta per capelli sfibrati e pelle secca: consigli per l'uso </strong></h2>
<p><strong>Per capelli luminosi </strong></p>
<p>Questo cosmetico per capelli può essere utilizzato in <strong>maschera per capelli ultra-nutriente e stimolante per la crescita</strong>. Ecco alcuni suggerimenti:</p>
<ol>
<li>Mescolate il vostro <strong>elisir</strong> con qualche goccia di <strong>ricino ;</strong></li>
<li>Applicare la maschera alle radici, quindi alle lunghezze e alle punte. Massaggiare con la punta delle dita per favorire la microcircolazione; ;</li>
<li>Per un risultato soddisfacente, lasciare agire per almeno 3 ore o al massimo per tutta la notte; ;</li>
<li>Risciacquare e poi lavare i capelli con il <strong>shampoo solido al cumino nero. </strong></li>
</ol>
<p>Suggerimento: per utilizzare l'Aloe delle Barbados come fissativo per i capelli, preferire il nostro <strong>gel di aloe vera</strong> ! Un vasetto da 100 g pieno di amore e bontà.</p>
<p><strong>La pelle secca e matura vi ringrazierà! </strong></p>
<p>In combinazione con <strong>argan</strong>, il risultato è un formidabile siero anti-età! Ma non è tutto! Infatti, a seconda delle vostre esigenze, potete miscelarlo con una serie di <strong>oli vegetali. </strong></p>
<h3><strong>Precauzioni e conservazione </strong></h3>
<p>Come regola generale, è necessario usare molta cautela nel consumare l'aloe vera. Per questo motivo è bene parlarne prima con il proprio medico.</p>
<p>Inoltre, il gel e il lattice sono controindicati per le donne in gravidanza e in allattamento, i bambini e le persone fragili.</p>
<p>Si consiglia di tenere la bottiglia al riparo dal sole e dal calore, poiché questo liquido è molto sensibile all'ossidazione. Per un effetto ancora più rinfrescante, conservatelo in frigorifero!</p>

<p><span data-sheets-value="{&quot;1&quot;:2,&quot;2&quot;:&quot;Huile d'Aloe Vera Bio du Maroc&quot;}" data-sheets-userformat="{&quot;2&quot;:14915,&quot;3&quot;:{&quot;1&quot;:0},&quot;4&quot;:{&quot;1&quot;:2,&quot;2&quot;:2105636},&quot;9&quot;:0,&quot;12&quot;:0,&quot;14&quot;:{&quot;1&quot;:2,&quot;2&quot;:15264493},&quot;15&quot;:&quot;Arial&quot;,&quot;16&quot;:8}">Olio di Aloe Vera biologico dal Marocco</span>.</p>
<p>Qualità cosmetica e alimentare. 100% Puro e naturale.</p>
<p>Flacone da 60 ml.</p>
