{"id":539,"date":"2022-02-28T10:23:52","date_gmt":"2022-02-28T09:23:52","guid":{"rendered":"https:\/\/www.miel-store.com\/?post_type=product&#038;p=539"},"modified":"2025-10-12T14:58:51","modified_gmt":"2025-10-12T12:58:51","slug":"karite-butter-aus-mali","status":"publish","type":"product","link":"https:\/\/www.miel-store.com\/de\/p\/beurre-de-karite-du-mali","title":{"rendered":"Karit\u00e9butter aus Mali"},"content":{"rendered":"<p>Haare, Gesicht, K\u00f6rper... absolut alles wird mit dem<strong>\u00a0Karit\u00e9butter aus Mali<\/strong>. Man muss sagen, dass dieser\u00a0<strong>Naturkosmetik 100%<\/strong>\u00a0ist eine echte\u00a0<strong>Schatz der Natur<\/strong>. Seine Eigenschaften sind ebenso wirksam wie vielf\u00e4ltig und f\u00fcr absolut jeden Hauttyp geeignet.<\/p>\n<p>Richtung Mali, auf der Suche nach einem\u00a0<strong>Kosmetik<\/strong>\u00a0wirklich nicht wie die anderen<\/p>\n<h2><strong>Karit\u00e9butter aus Mali: Das Gold der Frauen in Ihrem Badezimmer\u00a0<\/strong><\/h2>\n<p>Mali, ein wundersch\u00f6nes Land in Westafrika, ist der zweitgr\u00f6\u00dfte Produzent von\u2019<strong>Shea-Mandeln<\/strong>, und deckte damit fast 20% der weltweiten Nachfrage.<\/p>\n<p>Die N\u00fcsse werden zwischen Juni und September gesammelt und von ihrem Fruchtfleisch befreit. Anschlie\u00dfend werden die Mandeln gesammelt, um sie zu zerkleinern, zu r\u00f6sten, zu mahlen und zu einer Paste zu verarbeiten. Anschlie\u00dfend wird die Butter gekocht und mit verschiedenen Techniken zu einer Butter verarbeitet, die frei von Unreinheiten ist.<\/p>\n<p>Unsere Karit\u00e9butter aus Mali wird Ihnen auf unserer\u00a0<strong>Wellness-Shop Miel Store<\/strong>, in einem 100g-Glas. So k\u00f6nnen Sie diesen\u00a0<strong>Kosmetikschatz<\/strong>, Es ist ein nat\u00fcrliches Mittel f\u00fcr die Sch\u00f6nheit von Haut und Haaren.<\/p>\n<h2><strong>Die Vorteile von Karit\u00e9butter aus Mali\u00a0<\/strong><\/h2>\n<p>Sie werden viele Vorteile finden, wenn Sie dieses\u00a0<strong>nat\u00fcrliche Pflanzenbutter :\u00a0<\/strong><\/p>\n<ul>\n<li>Lindert Rasurbrand<\/li>\n<li>Feuchtigkeitsspendend<\/li>\n<li>Beugt allergischen Reaktionen auf die Sonne vor<\/li>\n<li>F\u00f6rdert die Wundheilung und hilft, Dehnungsstreifen zu kaschieren<\/li>\n<li>Entz\u00fcndungshemmende und antimikrobielle Eigenschaften<\/li>\n<li>G\u00fcnstig bei Ekzemen und Psoriasis<\/li>\n<li>Lindert den Juckreiz<\/li>\n<li>Bek\u00e4mpft Schuppen<\/li>\n<\/ul>\n<h2><strong>Tipps zur Verwendung\u00a0<\/strong><\/h2>\n<p>F\u00fcr das Haar k\u00f6nnen Sie es als Zutat zur Herstellung von\u00a0<strong><a href=\"https:\/\/www.alexandra-retion-dietetique.fr\/comment-prendre-soin-cheveux\/\" target=\"_blank\" rel=\"noopener\">Haarbalsame<\/a>\u00a0<\/strong>oder eine feuchtigkeitsspendende Haarsp\u00fclung. Zum Mischen, z.B. mit<strong>\u00a0<a href=\"https:\/\/www.miel-store.com\/de\/p\/bio-kokosol-extra-nativ\/\">Kokosnuss\u00f6l<\/a>.\u00a0<\/strong><\/p>\n<p>Andererseits ist es m\u00f6glich, diesen<strong>\u00a0Pflanzenbutter\u00a0<\/strong>als Feuchtigkeitscreme f\u00fcr den ganzen K\u00f6rper. Aber auch vor dem Duschen, um vor kalkhaltigem Wasser zu sch\u00fctzen, das die Haut austrocknet. Auch Babys k\u00f6nnen sie \u00fcbrigens f\u00fcr diesen Zweck nutzen!<\/p>\n<h3><strong>Mali im Mittelpunkt<\/strong><\/h3>\n<p>Wenn Sie es besonders genossen haben, dieses Produkt aus Mali zu entdecken oder wiederzuentdecken, werden Sie erfreut sein zu erfahren, dass es nicht das einzige ist. In unserem Online-Shop f\u00fcr Honig finden Sie n\u00e4mlich :<\/p>\n<ul>\n<li><strong>Bananenbl\u00fctenhonig aus Mali\u00a0<\/strong><\/li>\n<li><strong>Mangobaum\u00a0<\/strong><\/li>\n<li><strong>Moringa<\/strong><\/li>\n<\/ul>\n<p>Treffen Sie Ihre Wahl!<\/p>","protected":false},"excerpt":{"rendered":"<p>Sheabutter aus Mali.<\/p>\n<p>Topf mit 100 g.<\/p>","protected":false},"featured_media":610,"template":"","meta":[],"product_brand":[],"product_cat":[89],"product_tag":[],"class_list":{"0":"post-539","1":"product","2":"type-product","3":"status-publish","4":"has-post-thumbnail","6":"product_cat-cosmetiques","8":"first","9":"instock","10":"shipping-taxable","11":"purchasable","12":"product-type-simple"},"_links":{"self":[{"href":"https:\/\/www.miel-store.com\/de\/wp-json\/wp\/v2\/product\/539","targetHints":{"allow":["GET"]}}],"collection":[{"href":"https:\/\/www.miel-store.com\/de\/wp-json\/wp\/v2\/product"}],"about":[{"href":"https:\/\/www.miel-store.com\/de\/wp-json\/wp\/v2\/types\/product"}],"wp:featuredmedia":[{"embeddable":true,"href":"https:\/\/www.miel-store.com\/de\/wp-json\/wp\/v2\/media\/610"}],"wp:attachment":[{"href":"https:\/\/www.miel-store.com\/de\/wp-json\/wp\/v2\/media?parent=539"}],"wp:term":[{"taxonomy":"product_brand","embeddable":true,"href":"https:\/\/www.miel-store.com\/de\/wp-json\/wp\/v2\/product_brand?post=539"},{"taxonomy":"product_cat","embeddable":true,"href":"https:\/\/www.miel-store.com\/de\/wp-json\/wp\/v2\/product_cat?post=539"},{"taxonomy":"product_tag","embeddable":true,"href":"https:\/\/www.miel-store.com\/de\/wp-json\/wp\/v2\/product_tag?post=539"}],"curies":[{"name":"wp","href":"https:\/\/api.w.org\/{rel}","templated":true}]}}

Karitébutter aus Mali

<p>Haare, Gesicht, Körper... absolut alles wird mit dem<strong> Karitébutter aus Mali</strong>. Man muss sagen, dass dieser <strong>Naturkosmetik 100%</strong> ist eine echte <strong>Schatz der Natur</strong>. Seine Eigenschaften sind ebenso wirksam wie vielfältig und für absolut jeden Hauttyp geeignet.</p>
<p>Richtung Mali, auf der Suche nach einem <strong>Kosmetik</strong> wirklich nicht wie die anderen</p>
<h2><strong>Karitébutter aus Mali: Das Gold der Frauen in Ihrem Badezimmer </strong></h2>
<p>Mali, ein wunderschönes Land in Westafrika, ist der zweitgrößte Produzent von’<strong>Shea-Mandeln</strong>, und deckte damit fast 20% der weltweiten Nachfrage.</p>
<p>Die Nüsse werden zwischen Juni und September gesammelt und von ihrem Fruchtfleisch befreit. Anschließend werden die Mandeln gesammelt, um sie zu zerkleinern, zu rösten, zu mahlen und zu einer Paste zu verarbeiten. Anschließend wird die Butter gekocht und mit verschiedenen Techniken zu einer Butter verarbeitet, die frei von Unreinheiten ist.</p>
<p>Unsere Karitébutter aus Mali wird Ihnen auf unserer <strong>Wellness-Shop Miel Store</strong>, in einem 100g-Glas. So können Sie diesen <strong>Kosmetikschatz</strong>, Es ist ein natürliches Mittel für die Schönheit von Haut und Haaren.</p>
<h2><strong>Die Vorteile von Karitébutter aus Mali </strong></h2>
<p>Sie werden viele Vorteile finden, wenn Sie dieses <strong>natürliche Pflanzenbutter : </strong></p>
<ul>
<li>Lindert Rasurbrand</li>
<li>Feuchtigkeitsspendend</li>
<li>Beugt allergischen Reaktionen auf die Sonne vor</li>
<li>Fördert die Wundheilung und hilft, Dehnungsstreifen zu kaschieren</li>
<li>Entzündungshemmende und antimikrobielle Eigenschaften</li>
<li>Günstig bei Ekzemen und Psoriasis</li>
<li>Lindert den Juckreiz</li>
<li>Bekämpft Schuppen</li>
</ul>
<h2><strong>Tipps zur Verwendung </strong></h2>
<p>Für das Haar können Sie es als Zutat zur Herstellung von <strong><a href="https://www.alexandra-retion-dietetique.fr/comment-prendre-soin-cheveux/" target="_blank" rel="noopener">Haarbalsame</a> </strong>oder eine feuchtigkeitsspendende Haarspülung. Zum Mischen, z.B. mit<strong> <a href="https://www.miel-store.com/de/p/bio-kokosol-extra-nativ/">Kokosnussöl</a>. </strong></p>
<p>Andererseits ist es möglich, diesen<strong> Pflanzenbutter </strong>als Feuchtigkeitscreme für den ganzen Körper. Aber auch vor dem Duschen, um vor kalkhaltigem Wasser zu schützen, das die Haut austrocknet. Auch Babys können sie übrigens für diesen Zweck nutzen!</p>
<h3><strong>Mali im Mittelpunkt</strong></h3>
<p>Wenn Sie es besonders genossen haben, dieses Produkt aus Mali zu entdecken oder wiederzuentdecken, werden Sie erfreut sein zu erfahren, dass es nicht das einzige ist. In unserem Online-Shop für Honig finden Sie nämlich :</p>
<ul>
<li><strong>Bananenblütenhonig aus Mali </strong></li>
<li><strong>Mangobaum </strong></li>
<li><strong>Moringa</strong></li>
</ul>
<p>Treffen Sie Ihre Wahl!</p>
